What is the hundred thousands digit of 664598?
6
What is the ten thousands digit of 762290?
6
What is the hundreds digit of 5103304?
3
What is the units digit of 4879670?
0
What is the tens digit of 3331536?
3
What is the tens digit of 455038?
3
What is the hundred thousands digit of 158100?
1
What is the units digit of 127592?
2
What is the hundred thousands digit of 375075?
3
What is the units digit of 624663?
3
What is the hundreds digit of 776178?
1
What is the millions digit of 1193198?
1
What is the millions digit of 9294058?
9
What is the hundred thousands digit of 2371375?
3
What is the ten thousands digit of 284287?
8
What is the hundreds digit of 184436?
4
What is the hundreds digit of 6066546?
5
What is the hundred thousands digit of 206551?
2
What is the tens digit of 583911?
1
What is the thousands digit of 1327192?
7
What is the hundreds digit of 1885440?
4
What is the units digit of 445451?
1
What is the tens digit of 1468455?
5
What is the tens digit of 10008149?
4
What is the units digit of 328274?
4
What is the hundred thousands digit of 1885343?
8
What is the tens digit of 234491?
9
What is the thousands digit of 648182?
8
What is the ten thousands digit of 400240?
0
What is the hundreds digit of 6983204?
2
What is the hundred thousands digit of 173164?
1
What is the hundreds digit of 371139?
1
What is the units digit of 306108?
8
What is the hundred thousands digit of 5946082?
9
What is the ten thousands digit of 9472211?
7
What is the ten thousands digit of 70597?
7
What is the hundreds digit of 2626692?
6
What is the tens digit of 892896?
9
What is the hundreds digit of 2387312?
3
What is the tens digit of 1494609?
0
What is the tens digit of 2031828?
2
What is the thousands digit of 12277428?
7
What is the thousands digit of 249805?
9
What is the thousands digit of 6062250?
2
What is the hundred thousands digit of 2025526?
0
What is the hundreds digit of 1715427?
4
What is the hundred thousands digit of 266570?
2
What is the hundred thousands digit of 566248?
5
What is the thousands digit of 60570?
0
What is the units digit of 10753802?
2
What is the hundred thousands digit of 3756285?
7
What is the tens digit of 4913807?
0
What is the ten thousands digit of 1170504?
7
What is the thousands digit of 110084?
0
What is the tens digit of 82435?
3
What is the units digit of 3944703?
3
What is the thousands digit of 222769?
2
What is the ten thousands digit of 798117?
9
What is the millions digit of 1652480?
1
What is the hundred thousands digit of 768066?
7
What is the ten thousands digit of 15161354?
6
What is the thousands digit of 12401957?
1
What is the millions digit of 2060478?
2
What is the hundreds digit of 11147679?
6
What is the hundred thousands digit of 554722?
5
What is the hundred thousands digit of 155940?
1
What is the hundred thousands digit of 505651?
5
What is the tens digit of 4975366?
6
What is the units digit of 13506221?
1
What is the tens digit of 27837247?
4
What is the units digit of 5300022?
2
What is the units digit of 413071?
1
What is the thousands digit of 19432383?
2
What is the thousands digit of 8668859?
8
What is the hundreds digit of 334176?
1
What is the thousands digit of 12477?
2
What is the hundred thousands digit of 437267?
4
What is the ten millions digit of 24779411?
2
What is the thousands digit of 126781?
6
What is the hundred thousands digit of 27326478?
3
What is the thousands digit of 3400?
3
What is the tens digit of 856177?
7
What is the millions digit of 26679932?
6
What is the millions digit of 1913277?
1
What is the units digit of 821021?
1
What is the units digit of 10750584?
4
What is the thousands digit of 294328?
4
What is the units digit of 439117?
7
What is the ten thousands digit of 2360573?
6
What is the tens digit of 729544?
4
What is the tens digit of 74959?
5
What is the hundred thousands digit of 5543576?
5
What is the units digit of 253818?
8
What is the hundred thousands digit of 4553427?
5
What is the hundreds digit of 3746332?
3
What is the hundreds digit of 1499576?
5
What is the thousands digit of 24529209?
9
What is the ten thousands digit of 66525?
6
What is the tens digit of 1814433?
3
What is the tens digit of 735774?
7
What is the tens digit of 5927068?
6
What is the tens digit of 7900208?
0
What is the hundred thousands digit of 5350991?
3
What is the hundred thousands digit of 225095?
2
What is the hundred thousands digit of 539735?
5
What is the tens digit of 5690336?
3
What is the tens digit of 285648?
4
What is the units digit of 350134?
4
What is the tens digit of 477415?
1
What is the thousands digit of 256707?
6
What is the hundreds digit of 101150?
1
What is the hundred thousands digit of 241266?
2
What is the thousands digit of 3277568?
7
What is the units digit of 53143?
3
What is the ten thousands digit of 23432404?
3
What is the thousands digit of 686971?
6
What is the ten thousands digit of 162473?
6
What is the hundreds digit of 3906759?
7
What is the thousands digit of 224170?
4
What is the tens digit of 2284809?
0
What is the hundreds digit of 1070055?
0
What is the units digit of 31132876?
6
What is the tens digit of 55008?
0
What is the hundred thousands digit of 2069302?
0
What is the thousands digit of 702205?
2
What is the tens digit of 348819?
1
What is the ten thousands digit of 97118?
9
What is the hundreds digit of 218753?
7
What is the hundreds digit of 1128874?
8
What is the units digit of 328046?
6
What is the millions digit of 2933384?
2
What is the millions digit of 29060308?
9
What is the hundreds digit of 161201?
2
What is the hundred thousands digit of 7308997?
3
What is the hundreds digit of 2324500?
5
What is the units digit of 3759243?
3
What is the tens digit of 461211?
1
What is the hundreds digit of 224396?
3
What is the hundred thousands digit of 434274?
4
What is the units digit of 298095?
5
What is the hundred thousands digit of 19138551?
1
What is the hundred thousands digit of 36212748?
2
What is the tens digit of 315029?
2
What is the units digit of 521310?
0
What is the hundreds digit of 35869583?
5
What is the units digit of 229761?
1
What is the thousands digit of 411305?
1
What is the ten thousands digit of 269078?
6
What is the units digit of 33707?
7
What is the hundreds digit of 1497146?
1
What is the millions digit of 1290731?
1
What is the hundreds digit of 136996?
9
What is the hundred thousands digit of 1851249?
8
What is the hundreds digit of 478440?
4
What is the hundreds digit of 996631?
6
What is the hundred thousands digit of 156050?
1
What is the tens digit of 1045368?
6
What is the thousands digit of 102134?
2
What is the hundred thousands digit of 845666?
8
What is the hundreds digit of 2469720?
7
What is the ten millions digit of 17296366?
1
What is the hundred thousands digit of 229559?
2
What is the hundreds digit of 6615268?
2
What is the hundred thousands digit of 1872921?
8
What is the tens digit of 546562?
6
What is the hundred thousands digit of 28858843?
8
What is the millions digit of 1320207?
1
What is the tens digit of 62700?
0
What is the hundred thousands digit of 3292789?
2
What is the ten thousands digit of 1770542?
7
What is the tens digit of 16378029?
2
What is the units digit of 1566103?
3
What is the ten thousands digit of 23386639?
8
What is the thousands digit of 352658?
2
What is the hundred thousands digit of 4144993?
1
What is the tens digit of 141683?
8
What is the units digit of 3202418?
8
What is the ten thousands digit of 199915?
9
What is the thousands digit of 35030?
5
What is the millions digit of 6966094?
6
What is the hundreds digit of 179702?
7
What is the units digit of 1165029?
9
What is the hundreds digit of 21361846?
8
What is the thousands digit of 389394?
9
What is the hundreds digit of 32520580?
5
What is the hundreds digit of 291749?
7
What is the hundred thousands digit of 7883367?
8
What is the thousands digit of 840507?
0
What is the thousands digit of 24548?
4
What is the tens digit of 46131?
3
What is the thousands digit of 2637138?
7
What is the tens digit of 1026983?
8
What is the hundreds digit of 6590776?
7
What is the tens digit of 1812984?
8
What is the units digit of 117823?
3
What is the units digit of 6262089?
9
What is the t